{"id":636,"date":"2022-07-23T19:31:05","date_gmt":"2022-07-23T19:31:05","guid":{"rendered":"https:\/\/fundacionbaobab.com\/?page_id=636"},"modified":"2024-07-20T12:08:50","modified_gmt":"2024-07-20T12:08:50","slug":"recursos","status":"publish","type":"page","link":"https:\/\/fundacionbaobab.com\/fundacion\/recursos\/","title":{"rendered":"Recursos"},"content":{"rendered":"<h1><\/h1>\n<h2>Boletines<\/h2>\n<p><a href=\"https:\/\/fundacionbaobab.com\/fundacion\/wp-content\/uploads\/2022\/08\/infoMB-48.pdf\" target=\"_blank\" rel=\"noopener\">Bolet\u00edn 48<\/a><\/p>\n<p><a href=\"https:\/\/fundacionbaobab.com\/fundacion\/wp-content\/uploads\/2022\/08\/infoMB-49.pdf\" target=\"_blank\" rel=\"noopener\">Bolet\u00edn 49<\/a><\/p>\n<p><a href=\"\/fundacion\/wp-content\/uploads\/2022\/08\/InfoMB-50.pdf\" target=\"_blank\" rel=\"noopener\">Bolet\u00edn 50<\/a><\/p>\n<p><a href=\"https:\/\/fundacionbaobab.com\/fundacion\/wp-content\/uploads\/2022\/08\/InfoMB-51.pdf\" target=\"_blank\" rel=\"noopener\">Bolet\u00edn 51<\/a><\/p>\n<p><a href=\"https:\/\/fundacionbaobab.com\/fundacion\/\/wp-content\/uploads\/2022\/08\/InfoMB-52.pdf\" target=\"_blank\" rel=\"noopener\">Bolet\u00edn 52<\/a><\/p>\n<p><a href=\"https:\/\/fundacionbaobab.com\/fundacion\/wp-content\/uploads\/2022\/08\/InfoMB-53.pdf\" target=\"_blank\" rel=\"noopener\">Bolet\u00edn 53<\/a><\/p>\n<h2>Nuestra historia<\/h2>\n<h4>La Fundaci\u00f3n Baobab se cre\u00f3 en septiembre de 2009<\/h4>\n<p>A iniciativa de un grupo de amigos que, a t\u00edtulo personal, ven\u00edan actuando en diferentes proyectos de cooperaci\u00f3n al desarrollo.<\/p>\n<p>La Fundaci\u00f3n cuenta con una Junta de Direcci\u00f3n compuesta por :<\/p>\n<p>L\u00e1zaro Rodr\u00edguez Ariza, Presidente ; Jos\u00e9 Antonio Naranjo Rodr\u00edguez, vicepresidente; Miguel \u00c1ngel Mingorance \u00c1lvarez, secretario y Jos\u00e9 Rivas Rodr\u00edguez, como tesorero.<\/p>\n<p>Como vemos en la foto, de izquierda a derecha, esta el nuevo Presidente L\u00e1zaro Rodr\u00edguez Ariza y V\u00edctor L\u00f3pez Palomo, el Presidente honorifico.<\/p>\n<p><img loading=\"lazy\" decoding=\"async\" class=\"alignnone  wp-image-374\" src=\"http:\/\/localhost\/fundacion\/wp-content\/uploads\/2022\/01\/cache_14279026-300x269.jpeg\" alt=\"\" width=\"656\" height=\"588\" srcset=\"https:\/\/fundacionbaobab.com\/fundacion\/wp-content\/uploads\/2022\/01\/cache_14279026-300x269.jpeg 300w, https:\/\/fundacionbaobab.com\/fundacion\/wp-content\/uploads\/2022\/01\/cache_14279026-768x688.jpeg 768w, https:\/\/fundacionbaobab.com\/fundacion\/wp-content\/uploads\/2022\/01\/cache_14279026.jpeg 850w\" sizes=\"auto, (max-width: 656px) 100vw, 656px\" \/><\/p>\n","protected":false},"excerpt":{"rendered":"<p>Boletines Bolet\u00edn 48 Bolet\u00edn 49 Bolet\u00edn 50 Bolet\u00edn 51 Bolet\u00edn 52 Bolet\u00edn 53 Nuestra historia La Fundaci\u00f3n Baobab se cre\u00f3 en septiembre de 2009 A iniciativa de un grupo de amigos que, a t\u00edtulo personal, ven\u00edan actuando en diferentes proyectos de cooperaci\u00f3n al desarrollo. La Fundaci\u00f3n cuenta con una Junta de Direcci\u00f3n compuesta por : [&hellip;]<\/p>\n","protected":false},"author":1,"featured_media":0,"parent":0,"menu_order":0,"comment_status":"closed","ping_status":"closed","template":"","meta":{"footnotes":""},"class_list":["post-636","page","type-page","status-publish","hentry","entry"],"_links":{"self":[{"href":"https:\/\/fundacionbaobab.com\/fundacion\/wp-json\/wp\/v2\/pages\/636","targetHints":{"allow":["GET"]}}],"collection":[{"href":"https:\/\/fundacionbaobab.com\/fundacion\/wp-json\/wp\/v2\/pages"}],"about":[{"href":"https:\/\/fundacionbaobab.com\/fundacion\/wp-json\/wp\/v2\/types\/page"}],"author":[{"embeddable":true,"href":"https:\/\/fundacionbaobab.com\/fundacion\/wp-json\/wp\/v2\/users\/1"}],"replies":[{"embeddable":true,"href":"https:\/\/fundacionbaobab.com\/fundacion\/wp-json\/wp\/v2\/comments?post=636"}],"version-history":[{"count":7,"href":"https:\/\/fundacionbaobab.com\/fundacion\/wp-json\/wp\/v2\/pages\/636\/revisions"}],"predecessor-version":[{"id":893,"href":"https:\/\/fundacionbaobab.com\/fundacion\/wp-json\/wp\/v2\/pages\/636\/revisions\/893"}],"wp:attachment":[{"href":"https:\/\/fundacionbaobab.com\/fundacion\/wp-json\/wp\/v2\/media?parent=636"}],"curies":[{"name":"wp","href":"https:\/\/api.w.org\/{rel}","templated":true}]}}